{"id":44,"date":"2024-04-10T22:34:24","date_gmt":"2024-04-10T22:34:24","guid":{"rendered":"https:\/\/anrahmor.apollo.wpspace.me\/?page_id=44"},"modified":"2024-04-21T16:29:19","modified_gmt":"2024-04-21T16:29:19","slug":"ueber-mich","status":"publish","type":"page","link":"https:\/\/anrahmor.apollo.wpspace.me\/index.php\/ueber-mich\/","title":{"rendered":"\u00dcber mich"},"content":{"rendered":"<p>[et_pb_section fb_built=&#8220;1&#8243; _builder_version=&#8220;4.24.2&#8243; _module_preset=&#8220;default&#8220; background_enable_color=&#8220;off&#8220; background_image=&#8220;https:\/\/anrahmor.apollo.wpspace.me\/wp-content\/uploads\/2024\/03\/Karla-Beatrix-Prietsch_Footer.jpg&#8220; positioning=&#8220;fixed&#8220; position_origin_f=&#8220;top_center&#8220; z_index=&#8220;436&#8243; min_height=&#8220;60px&#8220; height=&#8220;70px&#8220; custom_margin=&#8220;0px||0px||false|false&#8220; custom_padding=&#8220;0px||0px||false|false&#8220; box_shadow_style=&#8220;preset3&#8243; box_shadow_color=&#8220;rgba(104,70,127,0.35)&#8220; global_module=&#8220;165&#8243; saved_tabs=&#8220;all&#8220; global_colors_info=&#8220;{}&#8220;][et_pb_row _builder_version=&#8220;4.23.4&#8243; _module_preset=&#8220;default&#8220; width=&#8220;100%&#8220; max_width=&#8220;2560px&#8220; custom_margin=&#8220;0px||0px||false|false&#8220; custom_padding=&#8220;0px||0px||false|false&#8220; global_colors_info=&#8220;{}&#8220;][et_pb_column type=&#8220;4_4&#8243; _builder_version=&#8220;4.23.4&#8243; _module_preset=&#8220;default&#8220; global_colors_info=&#8220;{}&#8220;][et_pb_menu menu_id=&#8220;11&#8243; menu_style=&#8220;centered&#8220; active_link_color=&#8220;#ad518e&#8220; _builder_version=&#8220;4.24.2&#8243; _module_preset=&#8220;default&#8220; menu_font=&#8220;|600||on|||||&#8220; menu_text_color=&#8220;#702a52&#8243; menu_font_size=&#8220;17px&#8220; menu_line_height=&#8220;3em&#8220; background_color=&#8220;rgba(255,255,255,0.74)&#8220; height=&#8220;70px&#8220; custom_margin=&#8220;||-71px|||&#8220; global_colors_info=&#8220;{}&#8220;][\/et_pb_menu][\/et_pb_column][\/et_pb_row][\/et_pb_section][et_pb_section fb_built=&#8220;1&#8243; _builder_version=&#8220;4.24.2&#8243; _module_preset=&#8220;default&#8220; background_color=&#8220;RGBA(255,255,255,0)&#8220; z_index=&#8220;312&#8243; custom_margin=&#8220;-90px||||false|false&#8220; custom_padding=&#8220;3px||0px|||&#8220; global_colors_info=&#8220;{}&#8220;][et_pb_row _builder_version=&#8220;4.23.4&#8243; _module_preset=&#8220;default&#8220; custom_padding=&#8220;||0px|||&#8220; global_colors_info=&#8220;{}&#8220;][et_pb_column type=&#8220;4_4&#8243; _builder_version=&#8220;4.23.4&#8243; _module_preset=&#8220;default&#8220; global_colors_info=&#8220;{}&#8220;][et_pb_text _builder_version=&#8220;4.24.2&#8243; _module_preset=&#8220;default&#8220; header_font=&#8220;|300|||||||&#8220; header_text_color=&#8220;#a55774&#8243; header_font_size=&#8220;26px&#8220; header_line_height=&#8220;1.5em&#8220; z_index=&#8220;137&#8243; global_colors_info=&#8220;{}&#8220;]<\/p>\n<h1>\u00dcber mich<\/h1>\n<p>[\/et_pb_text][\/et_pb_column][\/et_pb_row][\/et_pb_section][et_pb_section fb_built=&#8220;1&#8243; _builder_version=&#8220;4.24.2&#8243; _module_preset=&#8220;default&#8220; background_color=&#8220;RGBA(255,255,255,0)&#8220; custom_padding=&#8220;0px|||||&#8220; global_colors_info=&#8220;{}&#8220;][et_pb_row column_structure=&#8220;3_5,2_5&#8243; _builder_version=&#8220;4.24.2&#8243; _module_preset=&#8220;default&#8220; custom_padding=&#8220;70px|||||&#8220; global_colors_info=&#8220;{}&#8220;][et_pb_column type=&#8220;3_5&#8243; _builder_version=&#8220;4.24.2&#8243; _module_preset=&#8220;default&#8220; global_colors_info=&#8220;{}&#8220;][et_pb_text _builder_version=&#8220;4.24.2&#8243; _module_preset=&#8220;default&#8220; global_colors_info=&#8220;{}&#8220;]<\/p>\n<p><span style=\"color: #ad518e;\"><strong>Mein Name ist Karla Beatrix Pietzsch<\/strong><\/span> und ich wurde 1967 im Zeichen der Waage geboren, bin gl\u00fccklich verheiratet und Mutter von zwei wunderbaren Kindern.<\/p>\n<p>Von Kindheit an haben mich Kreativit\u00e4t und Tiere begleitet.<\/p>\n<p>Entspannung finde ich in der Natur, wo ich viel mit meinem Hund unterwegs bin. Aber auch Handarbeiten sowie das Sammeln und Verarbeiten von Wildkr\u00e4utern und -fr\u00fcchten k\u00f6nnen f\u00fcr mich sehr meditativ sein.<\/p>\n<p>Vor \u00fcber 30 Jahren begann ich mich mehr und mehr f\u00fcr Yoga, Meditationen, energetische Heilweisen und Spiritualit\u00e4t zu interessieren.<\/p>\n<p>Als Mutter besch\u00e4ftigte ich mich sp\u00e4ter auch mit Ern\u00e4hrung und Kr\u00e4uterkunde.<\/p>\n<p>Nach vielen Jahren in einem \u201enormalen\u201c Berufsleben im Management wies mich das Leben sehr deutlich darauf hin, meinem Lebensplan zu folgen.<\/p>\n<p><span style=\"color: #ad518e;\"><strong>Seither durfte ich viele Herausforderungen meistern, intensive Erfahrungen und Ausbildungen machen, so u. a.<\/strong><\/span><\/p>\n<ul>\n<li>Psychologische Beratung<\/li>\n<li>Therapeutisches Puppenspiel<\/li>\n<li>Reinkarnationstherapie<\/li>\n<li>Spirituelle Lebensberatung<\/li>\n<li>zertifizierter Coach f\u00fcr essbare Wildpflanzen<\/li>\n<\/ul>\n<p>Das Leben und meine Familie sind jedoch meine gr\u00f6\u00dften Lehrer.<\/p>\n<p>[\/et_pb_text][\/et_pb_column][et_pb_column type=&#8220;2_5&#8243; _builder_version=&#8220;4.24.2&#8243; _module_preset=&#8220;default&#8220; global_colors_info=&#8220;{}&#8220;][et_pb_image src=&#8220;https:\/\/anrahmor.apollo.wpspace.me\/wp-content\/uploads\/2024\/04\/Karla-Beatrix-Portrait-Coaching.jpg&#8220; title_text=&#8220;Karla-Beatrix-Portrait-Coaching&#8220; _builder_version=&#8220;4.24.2&#8243; _module_preset=&#8220;default&#8220; global_colors_info=&#8220;{}&#8220;][\/et_pb_image][\/et_pb_column][\/et_pb_row][\/et_pb_section]<\/p>\n","protected":false},"excerpt":{"rendered":"<p>\u00dcber michMein Name ist Karla Beatrix Pietzsch und ich wurde 1967 im Zeichen der Waage geboren, bin gl\u00fccklich verheiratet und Mutter von zwei wunderbaren Kindern. Von Kindheit an haben mich Kreativit\u00e4t und Tiere begleitet. Entspannung finde ich in der Natur, wo ich viel mit meinem Hund unterwegs bin. Aber auch Handarbeiten sowie das Sammeln und [&hellip;]<\/p>\n","protected":false},"author":1,"featured_media":0,"parent":0,"menu_order":0,"comment_status":"closed","ping_status":"closed","template":"","meta":{"_et_pb_use_builder":"on","_et_pb_old_content":"","_et_gb_content_width":"","footnotes":""},"class_list":["post-44","page","type-page","status-publish","hentry"],"_links":{"self":[{"href":"https:\/\/anrahmor.apollo.wpspace.me\/index.php\/wp-json\/wp\/v2\/pages\/44","targetHints":{"allow":["GET"]}}],"collection":[{"href":"https:\/\/anrahmor.apollo.wpspace.me\/index.php\/wp-json\/wp\/v2\/pages"}],"about":[{"href":"https:\/\/anrahmor.apollo.wpspace.me\/index.php\/wp-json\/wp\/v2\/types\/page"}],"author":[{"embeddable":true,"href":"https:\/\/anrahmor.apollo.wpspace.me\/index.php\/wp-json\/wp\/v2\/users\/1"}],"replies":[{"embeddable":true,"href":"https:\/\/anrahmor.apollo.wpspace.me\/index.php\/wp-json\/wp\/v2\/comments?post=44"}],"version-history":[{"count":9,"href":"https:\/\/anrahmor.apollo.wpspace.me\/index.php\/wp-json\/wp\/v2\/pages\/44\/revisions"}],"predecessor-version":[{"id":188,"href":"https:\/\/anrahmor.apollo.wpspace.me\/index.php\/wp-json\/wp\/v2\/pages\/44\/revisions\/188"}],"wp:attachment":[{"href":"https:\/\/anrahmor.apollo.wpspace.me\/index.php\/wp-json\/wp\/v2\/media?parent=44"}],"curies":[{"name":"wp","href":"https:\/\/api.w.org\/{rel}","templated":true}]}}