{"id":58,"date":"2024-04-10T22:49:12","date_gmt":"2024-04-10T22:49:12","guid":{"rendered":"https:\/\/anrahmor.apollo.wpspace.me\/?page_id=58"},"modified":"2024-04-21T16:21:29","modified_gmt":"2024-04-21T16:21:29","slug":"angebote","status":"publish","type":"page","link":"https:\/\/anrahmor.apollo.wpspace.me\/index.php\/angebote\/","title":{"rendered":"Angebote"},"content":{"rendered":"<p>[et_pb_section fb_built=&#8220;1&#8243; _builder_version=&#8220;4.24.2&#8243; _module_preset=&#8220;default&#8220; background_color=&#8220;RGBA(255,255,255,0)&#8220; custom_padding=&#8220;0px|||||&#8220; global_colors_info=&#8220;{}&#8220;][et_pb_row _builder_version=&#8220;4.24.2&#8243; _module_preset=&#8220;default&#8220; custom_padding=&#8220;||0px|||&#8220; global_colors_info=&#8220;{}&#8220;][et_pb_column type=&#8220;4_4&#8243; _builder_version=&#8220;4.24.2&#8243; _module_preset=&#8220;default&#8220; global_colors_info=&#8220;{}&#8220;][et_pb_text _builder_version=&#8220;4.24.2&#8243; _module_preset=&#8220;default&#8220; text_text_color=&#8220;#3D2408&#8243; hover_enabled=&#8220;0&#8243; global_colors_info=&#8220;{}&#8220; sticky_enabled=&#8220;0&#8243;]<\/p>\n<p><em>Was bedr\u00fcckt Dich im Moment? <\/em><\/p>\n<p style=\"padding-left: 40px;\"><em>Wie waren Schwangerschaft und Geburt, was besch\u00e4ftigt Dich noch?<\/em><\/p>\n<p><em>Was w\u00fcnscht Du Dir f\u00fcr Dein Kind? <\/em><\/p>\n<p style=\"padding-left: 80px;\"><em>Wie m\u00f6chtet Ihr in der Familie miteinander sein, was sind Eure gemeinsamen Ziele?<\/em><\/p>\n<p style=\"padding-left: 40px;\"><em>Was ist Dir wichtig als Mama oder Papa?<\/em><\/p>\n<p><span style=\"color: #ad518e;\"><strong>So wie jeder Mensch einzigartig ist, folgt meine Herangehensweise und Begleitung keinem festen Schema, sondern erfolgt ganz individuell.<\/strong><\/span><\/p>\n<p>Meine Unterst\u00fctzung kann u. a. vom passiven Zuh\u00f6ren oder Gespr\u00e4chen \u00fcber das \u201eSpiel\u201c mit selbstgesch\u00f6pften Handpuppen bis zur R\u00fcckf\u00fchrung erfolgen.<\/p>\n<p>Im Gespr\u00e4ch ergr\u00fcnden wir die aktuellen Probleme und Blockaden in Deinem Leben, bei Deinem Kind bzw. in Deiner Familie und wir analysieren die tieferen Ursachen daf\u00fcr. Wir erarbeiten zusammen, wie es sich ver\u00e4ndern und leichter gehen kann.<\/p>\n<blockquote><\/blockquote>\n<p>[\/et_pb_text][\/et_pb_column][\/et_pb_row][et_pb_row column_structure=&#8220;1_2,1_2&#8243; _builder_version=&#8220;4.24.2&#8243; _module_preset=&#8220;default&#8220; global_colors_info=&#8220;{}&#8220;][et_pb_column type=&#8220;1_2&#8243; _builder_version=&#8220;4.24.2&#8243; _module_preset=&#8220;default&#8220; global_colors_info=&#8220;{}&#8220;][et_pb_text _builder_version=&#8220;4.24.2&#8243; _module_preset=&#8220;default&#8220; text_text_color=&#8220;#3D2408&#8243; global_colors_info=&#8220;{}&#8220;]<\/p>\n<p>Dabei ist der \u201eDaumenabdruck\u201c meiner T\u00e4tigkeit das Gespr\u00e4ch und die Arbeit mit sogenannten \u201eL\u00f6sungspuppen\u201c. Diese \u201eL\u00f6sungspuppen\u201c sind von mir pers\u00f6nlich individuell angefertigte Handpuppen.<\/p>\n<p>[\/et_pb_text][et_pb_blurb use_icon=&#8220;on&#8220; font_icon=&#8220;&#x7b;||divi||400&#8243; icon_color=&#8220;#e0cbc7&#8243; icon_placement=&#8220;left&#8220; _builder_version=&#8220;4.24.2&#8243; _module_preset=&#8220;default&#8220; body_font=&#8220;Architects Daughter|300|||||||&#8220; body_text_color=&#8220;#ad518e&#8220; body_font_size=&#8220;19px&#8220; body_line_height=&#8220;1.8em&#8220; transform_translate=&#8220;-105px|0px&#8220; transform_translate_linked=&#8220;off&#8220; hover_enabled=&#8220;0&#8243; border_color_all_image=&#8220;RGBA(255,255,255,0)&#8220; global_colors_info=&#8220;{}&#8220; sticky_enabled=&#8220;0&#8243;]<\/p>\n<p>Puppen jeder Art haben in ihren unterschiedlichen Erscheinungsformen schon seit alters her eine magische Ausstrahlung und eine therapeutische Bedeutung.<br \/>Puppen sind ein Abbild des Menschen, in das viel hineingedacht werden kann \u2013 Verhaltensweisen, Charakter&#8230;<\/p>\n<p><span style=\"color: #c4b2ae;\"><em>Dr. Gudrun Gauda<\/em><\/span><\/p>\n<p>[\/et_pb_blurb][et_pb_text _builder_version=&#8220;4.24.2&#8243; _module_preset=&#8220;default&#8220; text_text_color=&#8220;#3D2408&#8243; global_colors_info=&#8220;{}&#8220;]<\/p>\n<p>Die Puppe nimmt im Spiel eine Stellvertreterposition f\u00fcr etwas oder jemanden anders ein. Das bedeutet: Puppen k\u00f6nnen und d\u00fcrfen alles, lachen, weinen, k\u00e4mpfen \u2026<\/p>\n<p>Findest Du keine passende Puppe f\u00fcr Deine Thematik, kannst Du unter meiner Anleitung Deine individuelle, eigene \u201eL\u00f6sungspuppe\u201c selber sch\u00f6pfen. Der Prozess des Sch\u00f6pfens hat den Aspekt<br \/>einer Geburt und dient dem Beziehungsaufbau.<\/p>\n<p>[\/et_pb_text][\/et_pb_column][et_pb_column type=&#8220;1_2&#8243; _builder_version=&#8220;4.24.2&#8243; _module_preset=&#8220;default&#8220; global_colors_info=&#8220;{}&#8220;][et_pb_image src=&#8220;https:\/\/anrahmor.apollo.wpspace.me\/wp-content\/uploads\/2024\/04\/Loesungspuppenarbeit.jpg&#8220; title_text=&#8220;Loesungspuppenarbeit&#8220; _builder_version=&#8220;4.24.2&#8243; _module_preset=&#8220;default&#8220; global_colors_info=&#8220;{}&#8220;][\/et_pb_image][\/et_pb_column][\/et_pb_row][\/et_pb_section][et_pb_section fb_built=&#8220;1&#8243; _builder_version=&#8220;4.24.2&#8243; _module_preset=&#8220;default&#8220; background_image=&#8220;https:\/\/anrahmor.apollo.wpspace.me\/wp-content\/uploads\/2024\/03\/Familienberatung-Hintergrund.jpg&#8220; custom_padding=&#8220;||0px|||&#8220; top_divider_style=&#8220;wave2&#8243; top_divider_color=&#8220;#FFF0F0&#8243; bottom_divider_style=&#8220;wave2&#8243; bottom_divider_color=&#8220;#FFF0F0&#8243; bottom_divider_height=&#8220;140px&#8220; global_colors_info=&#8220;{}&#8220;][et_pb_row _builder_version=&#8220;4.24.2&#8243; _module_preset=&#8220;default&#8220; global_colors_info=&#8220;{}&#8220;][et_pb_column type=&#8220;4_4&#8243; _builder_version=&#8220;4.24.2&#8243; _module_preset=&#8220;default&#8220; global_colors_info=&#8220;{}&#8220;][et_pb_divider show_divider=&#8220;off&#8220; _builder_version=&#8220;4.24.2&#8243; _module_preset=&#8220;default&#8220; global_colors_info=&#8220;{}&#8220;][\/et_pb_divider][\/et_pb_column][\/et_pb_row][\/et_pb_section][et_pb_section fb_built=&#8220;1&#8243; _builder_version=&#8220;4.24.2&#8243; _module_preset=&#8220;default&#8220; background_color=&#8220;RGBA(255,255,255,0)&#8220; custom_padding=&#8220;0px|||||&#8220; global_colors_info=&#8220;{}&#8220;][et_pb_row column_structure=&#8220;1_2,1_2&#8243; _builder_version=&#8220;4.24.2&#8243; _module_preset=&#8220;default&#8220; global_colors_info=&#8220;{}&#8220;][et_pb_column type=&#8220;1_2&#8243; _builder_version=&#8220;4.24.2&#8243; _module_preset=&#8220;default&#8220; global_colors_info=&#8220;{}&#8220;][et_pb_icon font_icon=&#8220;&#xe089;||divi||400&#8243; icon_color=&#8220;#E0CBC7&#8243; icon_width=&#8220;45px&#8220; _builder_version=&#8220;4.24.2&#8243; _module_preset=&#8220;default&#8220; global_colors_info=&#8220;{}&#8220;][\/et_pb_icon][et_pb_text _builder_version=&#8220;4.24.2&#8243; _module_preset=&#8220;default&#8220; hover_enabled=&#8220;0&#8243; global_colors_info=&#8220;{}&#8220; header_2_text_color=&#8220;#ad518e&#8220; sticky_enabled=&#8220;0&#8243;]<\/p>\n<h2>Einzelberatung<\/h2>\n<p>Ich gebe Dir einen gesch\u00fctzten Raum und die Zeit, die Du brauchst, um mitzuteilen, was Dich im<br \/>Moment bewegt. Dabei h\u00f6re ich Dir wertfrei mit dem Herzen zu und es wird sich daraus alles<br \/>Weitere ergeben.<br \/>Durch neue Sichtweisen unterst\u00fctze ich Dich, innere Blockaden aufzusp\u00fcren und konkrete<br \/>Handlungsschritte zu entwickeln.<\/p>\n<p>[\/et_pb_text][et_pb_image src=&#8220;https:\/\/anrahmor.apollo.wpspace.me\/wp-content\/uploads\/2024\/04\/Einzelberatung.jpg&#8220; title_text=&#8220;Einzelberatung&#8220; _builder_version=&#8220;4.24.2&#8243; _module_preset=&#8220;default&#8220; global_colors_info=&#8220;{}&#8220;][\/et_pb_image][\/et_pb_column][et_pb_column type=&#8220;1_2&#8243; _builder_version=&#8220;4.24.2&#8243; _module_preset=&#8220;default&#8220; global_colors_info=&#8220;{}&#8220;][et_pb_icon font_icon=&#8220;&#xf267;||fa||400&#8243; icon_color=&#8220;#E0CBC7&#8243; icon_width=&#8220;45px&#8220; _builder_version=&#8220;4.24.2&#8243; _module_preset=&#8220;default&#8220; global_colors_info=&#8220;{}&#8220;][\/et_pb_icon][et_pb_image src=&#8220;https:\/\/anrahmor.apollo.wpspace.me\/wp-content\/uploads\/2024\/04\/coaching-seifenblasen.jpg&#8220; title_text=&#8220;coaching-seifenblasen&#8220; _builder_version=&#8220;4.24.2&#8243; _module_preset=&#8220;default&#8220; global_colors_info=&#8220;{}&#8220;][\/et_pb_image][et_pb_text _builder_version=&#8220;4.24.2&#8243; _module_preset=&#8220;default&#8220; hover_enabled=&#8220;0&#8243; global_colors_info=&#8220;{}&#8220; header_text_color=&#8220;#ad518e&#8220; sticky_enabled=&#8220;0&#8243; header_2_text_color=&#8220;#ad518e&#8220;]<\/p>\n<h2>Coaching<\/h2>\n<p>Du hast ein Ziel und wei\u00dft momentan nicht, wie es weiter geht?<br \/>Gemeinsam schauen wir, wo Du gerade stehst, was Dich auf Deinem Weg behindert, was Deine<br \/>n\u00e4chsten Schritte sind und wie Du wieder vorankommen kannst.<br \/>Bei der Umsetzung begleite ich Dich solange, wie Du es m\u00f6chtest.<\/p>\n<p>[\/et_pb_text][et_pb_button button_url=&#8220;https:\/\/anrahmor.apollo.wpspace.me\/index.php\/kontakt\/&#8220; button_text=&#8220;Vereinbare ein Erstgespr\u00e4ch mit mir&#8220; button_alignment=&#8220;center&#8220; _builder_version=&#8220;4.24.2&#8243; _module_preset=&#8220;default&#8220; custom_button=&#8220;on&#8220; button_text_color=&#8220;#FFFFFF&#8220; button_bg_color=&#8220;#E0CBC7&#8243; button_border_color=&#8220;#FFFFFF&#8220; button_border_radius=&#8220;10px&#8220; global_colors_info=&#8220;{}&#8220;][\/et_pb_button][\/et_pb_column][\/et_pb_row][et_pb_row _builder_version=&#8220;4.24.2&#8243; _module_preset=&#8220;default&#8220; global_colors_info=&#8220;{}&#8220;][et_pb_column type=&#8220;4_4&#8243; _builder_version=&#8220;4.24.2&#8243; _module_preset=&#8220;default&#8220; global_colors_info=&#8220;{}&#8220;][et_pb_icon font_icon=&#8220;&#xf5bb;||fa||900&#8243; icon_color=&#8220;#E0CBC7&#8243; icon_width=&#8220;45px&#8220; _builder_version=&#8220;4.24.2&#8243; _module_preset=&#8220;default&#8220; custom_margin=&#8220;||-21px|||&#8220; global_colors_info=&#8220;{}&#8220;][\/et_pb_icon][\/et_pb_column][\/et_pb_row][et_pb_row column_structure=&#8220;3_5,2_5&#8243; _builder_version=&#8220;4.24.2&#8243; _module_preset=&#8220;default&#8220; global_colors_info=&#8220;{}&#8220;][et_pb_column type=&#8220;3_5&#8243; _builder_version=&#8220;4.24.2&#8243; _module_preset=&#8220;default&#8220; global_colors_info=&#8220;{}&#8220;][et_pb_text _builder_version=&#8220;4.24.2&#8243; _module_preset=&#8220;default&#8220; hover_enabled=&#8220;0&#8243; global_colors_info=&#8220;{}&#8220; header_2_text_color=&#8220;#ad518e&#8220; sticky_enabled=&#8220;0&#8243;]<\/p>\n<h2>Zur\u00fcck zum Ursprung &#8211; R\u00fcckf\u00fchrung<\/h2>\n<p>Oft haben heutige Probleme ihren Ursprung in der Kindheit, Geburt, Schwangerschaft bzw. in einem fr\u00fcheren Leben.<\/p>\n<p>Werde still und h\u00f6re in Dein Inneres.<br \/>Dort sind, zugedeckt mit dem Mantel des Vergessens, alte \u00c4ngste und Glaubensmuster verborgen, aber auch Talente und Wissen.<\/p>\n<blockquote><\/blockquote>\n<p>[\/et_pb_text][et_pb_blurb use_icon=&#8220;on&#8220; font_icon=&#8220;&#x7b;||divi||400&#8243; icon_color=&#8220;#e0cbc7&#8243; icon_placement=&#8220;left&#8220; _builder_version=&#8220;4.24.2&#8243; _module_preset=&#8220;default&#8220; body_font=&#8220;Architects Daughter|300|||||||&#8220; body_text_color=&#8220;#ad518e&#8220; body_font_size=&#8220;19px&#8220; body_line_height=&#8220;1.8em&#8220; transform_translate=&#8220;-150px|0px&#8220; transform_translate_linked=&#8220;off&#8220; hover_enabled=&#8220;0&#8243; border_color_all_image=&#8220;RGBA(255,255,255,0)&#8220; global_colors_info=&#8220;{}&#8220; sticky_enabled=&#8220;0&#8243;]<\/p>\n<p>Karma ist das Prinzip von Ursache und Wirkung \u2013<br \/>&#8222;Was ihr s\u00e4t, das erntet ihr.&#8220;<\/p>\n<p>[\/et_pb_blurb][et_pb_text _builder_version=&#8220;4.24.2&#8243; _module_preset=&#8220;default&#8220; global_colors_info=&#8220;{}&#8220;]<\/p>\n<p>Die R\u00fcckf\u00fchrung bzw. Bewusstseinsarbeit ist ein bedeutender Schl\u00fcssel zur Karmabearbeitung und -aufl\u00f6sung. <\/p>\n<p>Verhalten und Umst\u00e4nde in fr\u00fcheren Leben sind oft die Ursache von Problemen, die im Heute ihre Wirkung entfalten. Auch die Begegnung mit Menschen, die unsere Seele aus fr\u00fcheren Leben erkennt, k\u00f6nnen uns aus der Bahn werfen.<\/p>\n<p>Durch das Erkennen dieser Verbindung von fr\u00fcher zu heute erhalten wir den Schl\u00fcssel zum Aufl\u00f6sen dieser Wechselwirkung. Eine Ver\u00e4nderung kann nur durch die Erkenntnis geschehen.<\/p>\n<p>[\/et_pb_text][\/et_pb_column][et_pb_column type=&#8220;2_5&#8243; _builder_version=&#8220;4.24.2&#8243; _module_preset=&#8220;default&#8220; global_colors_info=&#8220;{}&#8220;][et_pb_image src=&#8220;https:\/\/anrahmor.apollo.wpspace.me\/wp-content\/uploads\/2024\/04\/rueckfuerungen.jpg&#8220; title_text=&#8220;Kartenset-10&#215;15&#8243; _builder_version=&#8220;4.24.2&#8243; _module_preset=&#8220;default&#8220; global_colors_info=&#8220;{}&#8220;][\/et_pb_image][\/et_pb_column][\/et_pb_row][\/et_pb_section]<\/p>\n","protected":false},"excerpt":{"rendered":"<p>Was bedr\u00fcckt Dich im Moment? Wie waren Schwangerschaft und Geburt, was besch\u00e4ftigt Dich noch? Was w\u00fcnscht Du Dir f\u00fcr Dein Kind? Wie m\u00f6chtet Ihr in der Familie miteinander sein, was sind Eure gemeinsamen Ziele? Was ist Dir wichtig als Mama oder Papa? So wie jeder Mensch einzigartig ist, folgt meine Herangehensweise und Begleitung keinem festen [&hellip;]<\/p>\n","protected":false},"author":1,"featured_media":0,"parent":0,"menu_order":0,"comment_status":"closed","ping_status":"closed","template":"","meta":{"_et_pb_use_builder":"on","_et_pb_old_content":"","_et_gb_content_width":"","footnotes":""},"class_list":["post-58","page","type-page","status-publish","hentry"],"_links":{"self":[{"href":"https:\/\/anrahmor.apollo.wpspace.me\/index.php\/wp-json\/wp\/v2\/pages\/58","targetHints":{"allow":["GET"]}}],"collection":[{"href":"https:\/\/anrahmor.apollo.wpspace.me\/index.php\/wp-json\/wp\/v2\/pages"}],"about":[{"href":"https:\/\/anrahmor.apollo.wpspace.me\/index.php\/wp-json\/wp\/v2\/types\/page"}],"author":[{"embeddable":true,"href":"https:\/\/anrahmor.apollo.wpspace.me\/index.php\/wp-json\/wp\/v2\/users\/1"}],"replies":[{"embeddable":true,"href":"https:\/\/anrahmor.apollo.wpspace.me\/index.php\/wp-json\/wp\/v2\/comments?post=58"}],"version-history":[{"count":11,"href":"https:\/\/anrahmor.apollo.wpspace.me\/index.php\/wp-json\/wp\/v2\/pages\/58\/revisions"}],"predecessor-version":[{"id":182,"href":"https:\/\/anrahmor.apollo.wpspace.me\/index.php\/wp-json\/wp\/v2\/pages\/58\/revisions\/182"}],"wp:attachment":[{"href":"https:\/\/anrahmor.apollo.wpspace.me\/index.php\/wp-json\/wp\/v2\/media?parent=58"}],"curies":[{"name":"wp","href":"https:\/\/api.w.org\/{rel}","templated":true}]}}